to base 16
7a
Convert -2a (base 14) to base 16.
-26
What is 1 (base 14) in base 12?
1
Convert -41 (base 7) to base 15.
-1e
-10100 (base 2) to base 10
-20
Convert -433 (base 7) to base 12.
-164
What is 264 (base 8) in base 4?
2310
6 (base 10) to base 2
110
What is 12 (base 3) in base 12?
5
-2 (base 4) to base 2
-10
Convert -1 (base 13) to base 12.
-1
What is 3 (base 8) in base 10?
3
-42 (base 6) to base 14
-1c
Convert -5a (base 12) to base 10.
-70
-11 (base 2) to base 13
-3
What is 4a (base 16) in base 12?
62
-57 (base 8) to base 5
-142
Convert -22 (base 16) to base 3.
-1021
-1 (base 8) to base 5
-1
-45 (base 15) to base 14
-49
Convert -1031 (base 4) to base 5.
-302
What is 41 (base 8) in base 2?
100001
Convert 35 (base 7) to base 10.
26
What is -2 (base 11) in base 7?
-2
c (base 14) to base 10
12
What is 51 (base 8) in base 15?
2b
What is 6 (base 15) in base 16?
6
Convert 4b (base 12) to base 14.
43
What is 45 (base 12) in base 13?
41
-1 (base 12) to base 7
-1
Convert -10 (base 11) to base 8.
-13
126 (base 7) to base 16
45
What is -101 (base 2) in base 6?
-5
What is -151 (base 6) in base 11?
-61
What is -1011 (base 2) in base 8?
-13
What is -1200 (base 3) in base 15?
-30
-10001 (base 2) to base 7
-23
What is -1 (base 16) in base 8?
-1
What is 47 (base 11) in base 14?
39
5 (base 13) to base 5
10
Convert 4 (base 5) to base 16.
4
Convert -6 (base 8) to base 5.
-11
What is -22 (base 13) in base 16?
-1c
What is a (base 13) in base 3?
101
Convert -1 (base 15) to base 7.
-1
-6 (base 16) to base 5
-11
Convert -d (base 16) to base 6.
-21
-9 (base 12) to base 14
-9
2 (base 3) to base 11
2
What is -5 (base 11) in base 7?
-5
What is 15 (base 11) in base 10?
16
341 (base 6) to base 8
205
1 (base 15) to base 7
1
What is -102 (base 4) in base 6?
-30
1 (base 3) to base 13
1
0 (base 2) to base 14
0
-10111001 (base 2) to base 8
-271
Convert 404 (base 9) to base 12.
234
Convert c (base 15) to base 12.
10
Convert -11 (base 4) to base 16.
-5
Convert 6 (base 13) to base 8.
6
Convert -4a (base 14) to base 4.
-1002
Convert 221 (base 3) to base 6.
41
Convert -80 (base 9) to base 15.
-4c
64 (base 8) to base 10
52
Convert 6 (base 9) to base 12.
6
-34 (base 16) to base 8
-64
What is 25 (base 15) in base 5?
120
What is -1100 (base 4) in base 16?
-50
What is 10 (base 5) in base 11?
5
What is 22 (base 3) in base 9?
8
Convert -c (base 14) to base 13.
-c
b (base 16) to base 6
15
Convert 5 (base 14) to base 11.
5
-25 (base 10) to base 8
-31
Convert -134 (base 6) to base 9.
-64
-9a (base 11) to base 15
-74
What is -1 (base 12) in base 9?
-1
Convert -5 (base 8) to base 16.
-5
What is 3 (base 9) in base 12?
3
Convert -3 (base 6) to base 4.
-3
Convert 3d (base 14) to base 11.
50
What is 21 (base 3) in base 15?
7
Convert -8 (base 11) to base 9.
-8
Convert -1 (base 15) to base 3.
-1
What is 3 (base 16) in base 3?
10
What is -9 (base 16) in base 11?
-9
Convert -141 (base 9) to base 4.
-1312
0 (base 6) to base 16
0
Convert 4 (base 16) to base 8.
4
What is 520 (base 6) in base 3?
21010
Convert -3 (base 6) to base 13.
-3
-100000111 (base 2) to base 5
-2023
-2 (base 9) to base 13
-2
Convert -214 (base 5) to base 3.
-2012
What is 2242 (base 5) in base 8?
502
32 (base 8) to base 10
26
-214 (base 5) to base 9
-65
Convert 242 (base 7) to base 8.
200
414 (base 7) to base 6
543
What is 22 (base 3) in base 13?
8
What is -2 (base 11) in base 8?
-2
What is 17 (base 8) in base 14?
11
16 (base 9) to base 4
33
Convert -3 (base 10) to base 15.
-3
What is -1 (base 16) in base 9?
-1
Convert 3 (base 4) to base 9.
3
What is -311 (base 8) in base 12?
-149
Convert 1 (base 5) to base 8.
1
What is 12 (base 12) in base 15?
e
What is -156 (base 11) in base 3?
-20202
41 (base 12) to base 10
49
Convert 8 (base 10) to base 4.
20
What is -3 (base 9) in base 5?
-3
What is 6 (base 14) in base 10?
6
0 (base 14) to base 13
0
What is -10011 (base 2) in base 7?
-25
What is 243 (base 6) in base 13?
78
Convert 4 (base 5) to base 6.
4
What is -1 (base 5) in base 11?
-1
Convert -153 (base 7) to base 13.
-69
Convert 5 (base 11) to base 5.
10
Convert 21 (base 16) to base 8.
41
Convert 4 (base 5) to base 7.
4
-2 (base 9) to base 4
-2
Convert -6 (base 10) to base 12.
-6
151 (base 7) to base 16
55
Convert 31 (base 9) to base 16.
1c
What is -8 (base 13) in base 2?
-1000
82 (base 13) to base 7
211
Convert 0 (base 14) to base 4.
0
0 (base 11) to base 4
0
-102 (base 5) to base 8
-33
-22 (base 7) to base 6
-24
Convert 32 (base 12) to base 8.
46
Convert -202 (base 4) to base 3.
-1021
What is -10 (base 9) in base 5?
-14
Convert 16 (base 11) to base 16.
11
1 (base 9) to base 10
1
What is 11000111 (base 2) in base 8?
307
Convert 3 (base 7) to base 2.
11
What is -4 (base 11) in base 5?
-4
Convert -47 (base 9) to base 7.
-61
Convert 0 (base 16) to base 14.
0
Convert -5c (base 16) to base 14.
-68
Convert -3 (base 12) to base 3.
-10
What is -9 (base 11) in base 10?
-9
Convert -33 (base 13) to base 10.
-42
What is 1 (base 4) in base 11?
1
What is 98 (base 12) in base 8?
164
8 (base 16) to base 8
10
What is 112 (base 7) in base 9?
64
20 (base 4) to base 9
8
-322 (base 9) to base 13
-173
What is 100 (base 6) in base 7?
51
1 (base 9) to base 12
1
Convert 10 (base 4) to base 15.
4
Convert -210 (base 3) to base 16.
-15
What is c (base 14) in base 8?
14
What is -58 (base 9) in base 5?
-203
8 (base 12) to base 3
22
What is 2 (base 14) in base 12?
2
-3 (base 16) to base 7
-3
Convert b (base 12) to base 15.
b
What is -3 (base 9) in base 5?
-3
What is -63 (base 8) in base 7?
-102
Convert -42 (base 6) to base 2.
-11010
What is -4 (base 12) in base 2?
-100
What is 23 (base 5) in base 16?
d
7 (base 16) to base 10
7
-1 (base 6) to base 2
-1
What is 2101 (base 3) in base 7?
121
What is -31 (base 9) in base 16?
-1c
What is 2101 (base 3) in base 10?
64
-2 (base 9) to base 11
-2
What is -162 (base 7) in base 2?
-1011101
Convert -4 (base 12) to base 9.
-4
-10100001 (base 2) to base 9
-188
120 (base 13) to base 2
11000011
What is -2 (base 14) in base 9?
-2
Convert -57 (base 8) to base 16.
-2f
-20 (base 5) to base 13
-a
Convert 15 (base 15) to base 9.
22
What is 15 (base 10) in base 15?
10
What is 15 (base 13) in base 2?
10010
What is 42 (base 8) in base 3?
1021
What is -11 (base 5) in base 6?
-10
What is 6 (base 9) in base 15?
6
Convert -220 (base 4) to base 8.
-50
-17 (base 12) to base 5
-34
-1102 (base 3) to base 8
-46
-122 (base 3) to base 8
-21
What is 6 (base 14) in base 11?
6
-11 (base 2) to base 3
-10
What is -1 (base 4) in base 9?
-1
What is 62 (base 11) in base 3?
2112
48 (base 12) to base 13
44
14 (base 12) to base 2
10000
Convert -27 (base 8) to base 2.
-10111
-1 (base 3) to base 7
-1
What is -11101 (base 3) in base 11?
-a8
Convert -50 (base 9) to base 16.
-2d
What is 2a1 (base 11) in base 3?
111002
Convert 21 (base 4) to base 10.
9
Convert -12 (base 3) to base 4.
-11
-18 (base 15) to base 3
-212
9 (base 14) to base 13
9
-1 (base 9) to base 4
-1
Convert -1 (base 8) to base 12.
-1
-30 (base 7) to base 9
-23
Convert -3 (base 11) to base 6.
-3
4 (base 11) to base 6
4
Convert -117 (base 8) to base 5.
-304
30 (base 8) to base 7
33
13 (base 7) to base 13
a
Convert -19 (base 13) to base 14.
-18
Convert -1022 (base 3) to base 2.
-100011
What is 9 (base 13) in base 11?
9
1300 (base 4) to base 2
1110000
Convert -9 (base 14) to base 13.
-9
What is -2 (base 5) in base 12?
-2
Convert -22 (base 10) to base 9.
-24
Convert -d2 (base 15) to base 9.
-238
-5 (base 12) to base 9
-5
Convert -2202 (base 3) to base 2.
-1001010
What is -100001111 (base 2) in base 12?
-1a7
Convert 1 (base 2) to base 11.
1
Convert -545 (base 6) to base 4.
-3101
34 (base 14) to base 3
1201
-b2 (base 15) to base 2
-10100111
What is 1010 (base 2) in base 4?
22
Convert 10011001 (base 2) to base 6.
413
-3 (base 8) to base 14
-3
33 (base 8) to base 7
36
What is 29 (base 15) in base 11?
36
-24 (base 5) to base 6
-22
Convert 1111 (base 2) to base 12.
13
What is 1 (base 5) in base 14?
1
-7 (base 16) to base 9
-7
1 (base 11) to base 2
1
Convert 0 (base 6) to base 2.
0
What is 0 (base 16) in base 2?
0
Convert -10 (base 4) to base 7.
-4
What is 1 (base 4) in base 8?
1
155 (base 9) to base 8
203
-1 (base 12) to base 13
-1
What is -33 (base 12) in base 7?
-54
What is -11 (base 5) in base 10?
-6
Convert